 of c and 46.
23
Let j(y) = -2*y**3 + 2*y**2 - y + 42. Let t be j(0). Let i be 105/33 + -3 + 922/11. Calculate the highest common divisor of i and t.
42
Let h be (-19 - 86)*4/(-14). Calculate the greatest common factor of h and 135.
15
Let j = 703 + -693. What is the highest common factor of j and 5?
5
Suppose 28 = a + 5*d, 5*a + 5*d - 23 = 17. Calculate the greatest common divisor of a and 3.
3
Let c(n) = -3*n**2 + 321*n**3 - 1 - 318*n**3 + 5. Let x be c(2). Calculate the greatest common divisor of x and 80.
16
Suppose 0 = -5*q - 13 - 7, 0 = 3*f + 2*q - 28. Let p be 14 + (1 - -2)/(-3). Let w be (0 + p + -1)*1. What is the greatest common factor of w and f?
12
Suppose 5*n + 5*s + 861 - 2301 = 0, -4*n - 2*s = -1148. What is the greatest common divisor of n and 44?
22
Let r(o) = o**3 + 6*o**2 - 6*o + 17. Let b be r(-7). Suppose -4*y - 3*c + 212 = 0, -379 = -5*y - 5*c - 109. What is the greatest common divisor of y and b?
10
Let h(z) = 3*z**2 + 2*z - 4. Let i be h(4). Let u(k) = k**2 + 3*k + 3. Let f be u(-5). What is the highest common divisor of f and i?
13
Suppose -5*f + 104 + 41 = 5*l, -4*f - l = -119. Let y(q) = q**2 + 24*q + 1. Let b be y(-19). Let a = 109 + b. Calculate the greatest common factor of f and a.
15
Let b(j) = -13*j + 2. Let d(i) = -116*i + 18. Let k be 49 + 3 - 0/(-5). Let a(m) = k*b(m) - 6*d(m). Let t be a(2). What is the highest common factor of t and 9?
9
Suppose 52*c + 14*c = 8976. What is the highest common divisor of 153 and c?
17
Let g(v) = -11*v - 4. Suppose j + 9 = 14. Let o(y) = -21*y - 7. Let q(m) = j*g(m) - 3*o(m). Let x be q(1). What is the highest common factor of 63 and x?
9
Let o be 14 + -12 - (1 - 27). Calculate the greatest common factor of 98 and o.
14
Let i be 286 - 160/64*4/(-5). What is the highest common divisor of 32 and i?
32
Suppose 2*l - 298 = 5*z, 50 = -z - l - l. Let n = -3 - 3. Let a be 9/n + z/(-4). Calculate the greatest common divisor of 104 and a.
13
Suppose -7*q - 291 - 535 = 0. Let k = q - -324. Suppose -5*u + 2*t = -53 - 151, -3*t - k = -5*u. Calculate the highest common divisor of u and 5.
5
Let d = -40 + 66. Suppose 0 = -4*j + 14 + d. Suppose 5*v = -0*v - j, v + 147 = 5*i. What is the greatest common factor of i and 203?
29
Suppose 0*g = g - 2*y - 11, 0 = 4*y - 4. Suppose -47 - g = -6*x. Let n = 1 - -1. What is the greatest common factor of n and x?
2
Let u = 16 - 8. Suppose -u*g + 225 = -3*g. Suppose -4*z - z = -90. Calculate the greatest common factor of g and z.
9
Let q = 2 + 3. Let x(u) = u + 11. Let j be x(-5). Let k(n) = 2*n**2 - 9*n + 2. Let h be k(j). Calculate the highest common factor of h and q.
5
Suppose -4*c - c = 3*w - 20, -20 = -w - 5*c. Suppose w*f - 2*s - 55 = -f, 0 = 5*f - 2*s - 307. What is the highest common factor of 21 and f?
21
Let w = -14 + 20. Suppose 360 = -0*z + 40*z. Calculate the highest common divisor of w and z.
3
Suppose 2*a + 2*m = 8, 2*a + m - 6 - 2 = 0. Suppose -47 - 701 = -a*u. Calculate the highest common factor of 34 and u.
17
Let c = -27 + 407. Calculate the highest common factor of c and 180.
20
Let z = -49 + 26. Let u = 13 - z. Calculate the greatest common factor of 396 and u.
36
Let g(z) = -1. Let i(p) = -5*p. Let j(a) = 2*g(a) - i(a). Let f be j(2). Let b(k) = -10*k. Let u be b(-4). What is the highest common factor of u and f?
8
Let u(a) = 4*a**2 - 8*a - 5. Suppose -18 = -4*b + o, 2*b - 6 = -o - 0*o. Let s be u(b). Let c = s - 9. What is the greatest common factor of c and 18?
18
Let o = -30 - 161. Let j = -39 - o. Calculate the highest common divisor of j and 19.
19
Suppose 1354 = 4*p - 4*h - 202, 2*h + 10 = 0. Calculate the highest common divisor of p and 112.
16
Suppose -47 - 70 = -3*m. What is the greatest common divisor of m and 30?
3
Let v = -1080 + 1094. What is the greatest common factor of 28 and v?
14
Suppose -o + 2*o + 3 = 2*h, 4*h + 5*o = 41. Suppose 8*d = h*d, q = -d + 2. Calculate the greatest common divisor of q and 2.
2
Let k be 19 - ((-6)/8)/((-33)/(-132)). What is the greatest common divisor of 2 and k?
2
Let q = -2 + 3. Suppose -q = 4*p - 13. Suppose 9 = -p*r, 0*c - 5*r = -c + 78. What is the greatest common factor of c and 7?
7
Let m(n) = -13 + 5 + 47 - 6*n + 13*n. Let q be m(-5). Let l = 78 + -42. Calculate the greatest common factor of q and l.
4
Let a(u) = -36*u + 45. Let h be a(0). What is the highest common divisor of h and 72?
9
Let f(n) = 52*n - 368. Let w be f(8). What is the highest common factor of 18 and w?
6
Suppose -1640 = 43*b - 6370. Calculate the highest common divisor of b and 3630.
110
Let u = 2833 - 1658. What is the highest common divisor of u and 47?
47
Let x(q) = q**2 - 5*q + 2. Let z be x(2). Let s be (-6)/(z/((-32)/(-12))). Suppose 3*v - s*v + 19 = 0. Calculate the greatest common divisor of 133 and v.
19
Let z(n) = 3*n**3 - 7*n + 7. Let d be z(1). What is the highest common divisor of d and 138?
3
Let y(h) = h**3 - 3*h**2 - 6*h + 6. Let v be y(5). Suppose v = -0*w + 2*w. Let a be (-3 - -17) + -3 + 2. What is the highest common divisor of a and w?
13
Let v be (-1)/(-1) + 52/2. Let s be -8*(3/12 - 1). Suppose s*d = 16*d - 180. Calculate the highest common divisor of v and d.
9
Let l(n) = 10*n - 124. Let v be l(18). What is the greatest common factor of v and 4?
4
Suppose 50 = -4*g - g. Let t = g - -14. Suppose t*u - 5*u = -6. Calculate the greatest common divisor of u and 18.
6
Let c(q) = -3*q + 2 - 6*q + 8*q + 3*q**2. Let n be c(0). Calculate the greatest common divisor of n and 18.
2
Let d(a) = 56*a - 1052. Let v be d(19). Calculate the greatest common factor of v and 76.
4
Suppose -r = -1, -3*t + 104 = 2*t - r. What is the greatest common divisor of 9 and t?
3
Let q(x) = -x**3 - x**2 - x + 75. Let f be q(0). Calculate the greatest common divisor of f and 50.
25
Suppose 0 - 1 = -c. Suppose 3*j = y - 24 + c, 0 = j + 3. Calculate the greatest common divisor of y and 56.
14
Let s = -34 + 48. Suppose -3*j - 10 = s. Let w(o) = -o**3 - 7*o**2 - 9. Let x be w(j). Calculate the greatest common divisor of x and 11.
11
Let i be 14/2 + -3 + 2. Let y be i/(-8) - (-77)/28. Suppose -5*w = -y*c, 4*c = 2*c - w + 24. What is the greatest common divisor of c and 5?
5
Let a(l) be the second derivative of l**5/20 + 4*l**4/3 - 5*l**3/6 - 3*l**2/2 - 4*l. Let i be a(-16). Calculate the greatest common factor of 11 and i.
11
Let c = -15 - -91. Suppose 0 = -2*b + c + 50. Let t be (-2)/(-9) + 238/b. Calculate the highest common divisor of t and 1.
1
Let g = 105 + -102. Let c(b) = b**3 + 2*b**2 - 1. Let z be c(1). Suppose -3*i = 0, z*i + 28 = 5*p - 2. What is the highest common factor of p and g?
3
Suppose 3*z - 3*k = -90, -3*z + 7*z - 5*k + 124 = 0. Let o be z - -1 - 4/2. Let v = o - -118. Calculate the highest common factor of v and 13.
13
Suppose -18 = -3*d + 3*y, 16*y = 4*d + 14*y - 32. Calculate the greatest common factor of d and 90.
10
Suppose 4*x + 4 = -12, 0 = 2*f + x - 1162. What is the highest common factor of 53 and f?
53
Let v(k) = k**2 + 5*k - 28. Let w be v(-9). Suppose 324 = -2*p - y, 2*p + 167 = p - 3*y. Let t = -89 - p. What is the greatest common factor of t and w?
8
Suppose -g + 4 = 0, g - 4 = -4*m + 3*g. Suppose m*p - 3*z = 300, -4*p - 2*z + 348 + 64 = 0. What is the highest common factor of p and 34?
34
Let b be ((-6)/(-14))/((-6)/(-42)). Suppose b*r = r + 312. Suppose 222 = 3*a - r. Calculate the highest common factor of a and 14.
14
Let p(a) = 2*a**3 - 20*a**2 + 51*a - 15. Let o be p(7). Calculate the greatest common factor of o and 624.
48
Let t(k) = k**3 - 4*k**2 + 4*k + 1. Let l be t(3). Suppose -l*o - 10 = 5*d, 0 = -d + 3*d - 5*o - 29. Calculate the highest common factor of 3 and d.
1
Let q = -138 - -160. Suppose -2*v - 6*n - 24 = -2*n, -5*v + 2*n = 36. Let b be v/12 - 167/(-3). Calculate the greatest common divisor of b and q.
11
Suppose 71 = 4*s - 37. Calculate the greatest common divisor of s and 243.
27
Let n be 11/2*(-12)/(-2). Suppose 13*d = 10*d + 9. Suppose -q + o - d*o = -11, 0 = 3*q - 2*o - 1. Calculate the greatest common factor of n and q.
3
Let m be 8/(-28) - 7/(343/(-15596)). What is the greatest common divisor of 6 and m?
6
Suppose 4*f + 32 = 2*j, 2*j + 2*f - 2 = -0*j. Calculate the greatest common divisor of 12 and j.
6
Let g(b) be the second derivative of 5/12*b**4 + 0 + b**2 -